 divided by 137.
135
Calculate the remainder when 12140 is divided by 3881.
497
What is the remainder when 5703 is divided by 191?
164
What is the remainder when 67274 is divided by 364?
298
Calculate the remainder when 204477 is divided by 639.
636
What is the remainder when 185201 is divided by 3036?
5
Calculate the remainder when 10289 is divided by 4710.
869
What is the remainder when 5738 is divided by 20?
18
What is the remainder when 2289694 is divided by 51?
49
What is the remainder when 738593 is divided by 369290?
13
What is the remainder when 2637 is divided by 38?
15
Calculate the remainder when 1482654 is divided by 56.
54
What is the remainder when 1073 is divided by 923?
150
Calculate the remainder when 246 is divided by 66.
48
Calculate the remainder when 17246 is divided by 367.
364
What is the remainder when 127146 is divided by 42371?
33
Calculate the remainder when 1539 is divided by 215.
34
What is the remainder when 8029 is divided by 115?
94
Calculate the remainder when 115020 is divided by 728.
724
Calculate the remainder when 1136 is divided by 376.
8
Calculate the remainder when 68443 is divided by 855.
43
What is the remainder when 104838 is divided by 423?
357
What is the remainder when 81163 is divided by 197?
196
Calculate the remainder when 242142 is divided by 42.
12
What is the remainder when 187827 is divided by 93908?
11
Calculate the remainder when 984452 is divided by 66.
62
Calculate the remainder when 141424 is divided by 1684.
1652
Calculate the remainder when 25158 is divided by 196.
70
What is the remainder when 21866 is divided by 911?
2
What is the remainder when 15367 is divided by 75?
67
Calculate the remainder when 273557 is divided by 201.
197
Calculate the remainder when 63998 is divided by 762.
752
What is the remainder when 2561 is divided by 120?
41
Calculate the remainder when 285591 is divided by 292.
15
What is the remainder when 1145 is divided by 126?
11
What is the remainder when 2090 is divided by 1039?
12
Calculate the remainder when 371847 is divided by 3443.
3
Calculate the remainder when 2285 is divided by 91.
10
What is the remainder when 8579 is divided by 2818?
125
What is the remainder when 3779 is divided by 382?
341
Calculate the remainder when 116061 is divided by 248.
245
What is the remainder when 254022 is divided by 867?
858
What is the remainder when 5290 is divided by 4289?
1001
What is the remainder when 2502 is divided by 4?
2
What is the remainder when 367619 is divided by 22?
21
Calculate the remainder when 729007 is divided by 184.
183
Calculate the remainder when 265070 is divided by 29450.
20
Calculate the remainder when 1239 is divided by 384.
87
What is the remainder when 10653 is divided by 623?
62
What is the remainder when 534595 is divided by 178194?
13
What is the remainder when 1698046 is divided by 268?
266
Calculate the remainder when 712 is divided by 541.
171
What is the remainder when 24464 is divided by 14?
6
Calculate the remainder when 4163 is divided by 459.
32
Calculate the remainder when 53372 is divided by 145.
12
Calculate the remainder when 2195 is divided by 17.
2
Calculate the remainder when 2898 is divided by 190.
48
Calculate the remainder when 36706 is divided by 543.
325
Calculate the remainder when 227404 is divided by 357.
352
What is the remainder when 185693 is divided by 46421?
9
What is the remainder when 729 is divided by 7?
1
What is the remainder when 613979 is divided by 151?
13
What is the remainder when 2058 is divided by 680?
18
What is the remainder when 180628 is divided by 38?
14
What is the remainder when 2672 is divided by 2132?
540
Calculate the remainder when 33835 is divided by 16197.
1441
Calculate the remainder when 11558 is divided by 31.
26
Calculate the remainder when 21329 is divided by 21238.
91
Calculate the remainder when 6661 is divided by 201.
28
Calculate the remainder when 588 is divided by 562.
26
Calculate the remainder when 40686 is divided by 20317.
52
What is the remainder when 4824 is divided by 75?
24
Calculate the remainder when 709149 is divided by 86.
79
Calculate the remainder when 11258 is divided by 88.
82
What is the remainder when 4648 is divided by 3841?
807
Calculate the remainder when 3387 is divided by 262.
243
Calculate the remainder when 2164 is divided by 146.
120
Calculate the remainder when 13344 is divided by 66.
12
What is the remainder when 376 is divided by 38?
34
What is the remainder when 274479 is divided by 221?
218
Calculate the remainder when 2367791 is divided by 108.
107
Calculate the remainder when 113291 is divided by 776.
771
Calculate the remainder when 2410 is divided by 1199.
12
What is the remainder when 1375 is divided by 35?
10
Calculate the remainder when 575913 is divided by 434.
429
What is the remainder when 2791 is divided by 27?
10
Calculate the remainder when 2508 is divided by 401.
102
What is the remainder when 73183 is divided by 989?
986
What is the remainder when 94213 is divided by 84?
49
What is the remainder when 34339 is divided by 623?
74
What is the remainder when 1140 is divided by 220?
40
Calculate the remainder when 21779 is divided by 10.
9
What is the remainder when 82898 is divided by 1564?
6
Calculate the remainder when 10622 is divided by 3517.
71
What is the remainder when 23229 is divided by 4477?
844
What is the remainder when 47584 is divided by 2973?
16
What is the remainder when 16893 is divided by 252?
9
What is the remainder when 13752 is divided by 859?
8
What is the remainder when 12210 is divided by 260?
250
Calculate the remainder when 7239 is divided by 139.
11
What is the remainder when 110249 is divided by 43?
40
What is the remainder when 424725 is divided by 36?
33
Calculate the remainder when 21556 is divided by 208.
132
What is the remainder when 137703 is divided by 29?
11
Calculate the remainder when 63096 is divided by 21028.
12
What is the remainder when 8710 is divided by 1916?
1046
Calculate the remainder when 5952 is divided by 350.
2
What is the remainder when 211696 is divided by 22?
12
Calculate the remainder when 59371 is divided by 25.
21
What is the remainder when 420 is divided by 130?
30
What is the remainder when 2097 is divided by 150?
147
Calculate the remainder when 1327 is divided by 398.
133
What is the remainder when 1457 is divided by 242?
5
Calculate the remainder when 537838 is divided by 41372.
2
Calculate the remainder when 19682 is divided by 3275.
32
Calculate the remainder when 20153 is divided by 262.
241
What is the remainder when 4465 is divided by 3?
1
Calculate the remainder when 62239 is divided by 778.
777
What is the remainder when 502 is divided by 39?
34
Calculate the remainder when 11621 is divided by 11302.
319
Calculate the remainder when 24013 is divided by 4802.
3
What is the remainder when 812 is divided by 531?
281
What is the remainder when 1647 is divided by 789?
69
What is the remainder when 1161251 is divided by 9?
8
Calculate the remainder when 40483 is divided by 318.
97
Calculate the remainder when 632420 is divided by 14.
12
Calculate the remainder when 7577 is divided by 30.
17
Calculate the remainder when 46782 is divided by 43.
41
What is the remainder when 9226 is divided by 11?
8
Calculate the remainder when 2422 is divided by 589.
66
Calculate the remainder when 12940 is divided by 1809.
277
What is the remainder when 127093 is divided by 42350?
43
What is the remainder when 34884 is divided by 17438?
8
What is the remainder when 1230 is divided by 416?
398
What is the remainder when 2589 is divided by 325?
314
What is the remainder when 433870 is divided by 7?
3
What is the remainder when 615 is divided by 609?
6
Calculate the remainder when 9989 is divided by 3309.
62
Calculate the remainder when 13700 is divided by 16.
4
Calculate the remainder when 8589 is divided by 1026.
381
Calculate the remainder when 628349 is divided by 426.
425
Calculate the remainder when 151702 is divided by 1445.
1422
Calculate the remainder when 1171 is divided by 96.
19
Calculate the remainder when 12996 is divided by 66.
60
What is the remainder when 319 is divided by 164?
155
Calculate the remainder when 15037 is divided by 103.
102
What is the remainder when 6186